{"id":2,"date":"2015-03-26T10:11:27","date_gmt":"2015-03-26T10:11:27","guid":{"rendered":"http:\/\/trekronerbo.dk.w2.ito-hosting.com\/?page_id=2"},"modified":"2020-04-18T18:17:08","modified_gmt":"2020-04-18T17:17:08","slug":"eksempel-side","status":"publish","type":"page","link":"https:\/\/trekronerbo.dk\/?page_id=2","title":{"rendered":"Historien bag"},"content":{"rendered":"<p><span class=\"printbody\">Foreningen Trekroner Bo blev stiftet i begyndelsen af 2000 ud fra \u00f8nsket om at byde p\u00e5 et af de store jordstykker i den dengang nye bydel, Trekroner. Vi ville skabe noget nyt, en bebyggelse hvor det sociale aspekt i n\u00e6rmilj\u00f8et blev kombineret med arkitektonisk kvalitet og med det omkringliggende omr\u00e5des natur. P\u00e5 den m\u00e5de \u00f8nskede vi at skabe et bof\u00e6llesskab, der var en attraktiv l\u00f8sning p\u00e5 moderne dobbeltarbejdende familiers boligbehov.<\/span><\/p>\n<p>Det lykkedes! Foreningen fik i 2001 mulighed for at k\u00f8be 17.000 kvadratmeter p\u00e5 Isafjordvej. Husene blev projekteret, opf\u00f8rt og overtaget i 2003. I dag er Trekroner Bo et bof\u00e6llesskab best\u00e5ende af 17 dobbelthuse, hvor hver familie har egen lille have. Husene ser umiddelbart ens ud, men er faktisk alle forskellige. Desuden har vi store f\u00e6llesarealer og et dejligt f\u00e6lleshus.<\/p>\n<p>Bebyggelsen ligger h\u00f8jt, og fra mange af husene er der en god udsigt over Trekroneromr\u00e5det, Roskilde Domkirkes spir og ikke mindst over en lille smuk s\u00f8 lige uden for foreningens grund. Trekroner Bo er et af flere bof\u00e6llesskaber i Trekroner Vest, hvoraf <a href=\"http:\/\/www.munksoegaard.dk\/\">Munks\u00f8gaard <\/a>nok er det kendteste &#8211; idet det er Danmarks st\u00f8rste \u00f8kologiske bof\u00e6llesskab.<\/p>\n<p><a href=\"http:\/\/trekronerbo.dk\/wp-content\/uploads\/2017\/08\/juletrae.jpg\"><img decoding=\"async\" loading=\"lazy\" class=\" wp-image-765 alignleft\" src=\"http:\/\/trekronerbo.dk\/wp-content\/uploads\/2017\/08\/juletrae-300x224.jpg\" alt=\"\" width=\"376\" height=\"281\" srcset=\"https:\/\/trekronerbo.dk\/wp-content\/uploads\/2017\/08\/juletrae-300x224.jpg 300w, https:\/\/trekronerbo.dk\/wp-content\/uploads\/2017\/08\/juletrae-768x574.jpg 768w, https:\/\/trekronerbo.dk\/wp-content\/uploads\/2017\/08\/juletrae.jpg 960w\" sizes=\"(max-width: 376px) 100vw, 376px\" \/><\/a>Vi har et godt samarbejde og f\u00e6llesskab mellem de 34 familier; vi har gode rammer for leg og venskab b\u00e5de for voksne og b\u00f8rn; vi har moderne, milj\u00f8rigtige huse med arkitektonisk kvalitet og gode, individuelle planl\u00f8sninger; og desuden indg\u00e5r bebyggelsen i en naturlig sammenh\u00e6ng med omr\u00e5dets natur og \u00f8vrige bebyggelser.<\/p>\n<p>Trekroner Bo er desuden omgivet af meget natur. Mod syd er en s\u00f8, og mod nord findes et skovb\u00e6lte. G\u00e5r man ca. 200 meter i nordvestlig retning kommer man til <a href=\"http:\/\/naturstyrelsen.dk\/media\/nst\/9878640\/Kort-om-drift-Himmelev.pdf\">Himmelev Skov<\/a>, som er en ny stor skov plantet i kuperet landskab (en tidligere grusgrav), med s\u00f8er, stisystemer, mountainbike ruter, hestestier og udend\u00f8rs fitness baner. Himmelev B\u00e6k slynger sig ca. 200 m i \u00f8stlig retning, mellem siv og marker, hvor der g\u00e5r f\u00e5r, geder, k\u00f8er og heste.<\/p>\n<h3 class=\"printbody\">Dagligdagen i Trekroner Bo<\/h3>\n<p><span class=\"printbody\"> F\u00e6llesskabet i Trekroner Bo har mange former. Den mest synlige er nok de tre ugentlige f\u00e6llesspisninger i f\u00e6lleshuset. Der deltager en stor del af familierne, og vi laver god hovedsagelig \u00f8kologisk mad til hinanden. Men vi m\u00f8des ogs\u00e5 omkring de f\u00e6lles legepladser, i arbejdslaugene, p\u00e5 vejen og til kaffe og leg i haven og p\u00e5 terrasserne.<\/span><\/p>\n<p>Hver familie er <a href=\"http:\/\/trekronerbo.dk\/wp-content\/uploads\/2015\/05\/DSC_0548-1024x683.jpg\"><img decoding=\"async\" loading=\"lazy\" class=\"size-medium wp-image-712 alignleft\" src=\"http:\/\/trekronerbo.dk\/wp-content\/uploads\/2015\/05\/DSC_0548-1024x683-300x200.jpg\" alt=\"\" width=\"300\" height=\"200\" srcset=\"https:\/\/trekronerbo.dk\/wp-content\/uploads\/2015\/05\/DSC_0548-1024x683-300x200.jpg 300w, https:\/\/trekronerbo.dk\/wp-content\/uploads\/2015\/05\/DSC_0548-1024x683-768x512.jpg 768w, https:\/\/trekronerbo.dk\/wp-content\/uploads\/2015\/05\/DSC_0548-1024x683.jpg 1024w\" sizes=\"(max-width: 300px) 100vw, 300px\" \/><\/a>engageret i et laug med ansvar for en del af f\u00e6lles-omr\u00e5derne &#8211; f\u00e6lleshuslauget, gr\u00e6ssl\u00e5ningslauget, lugelauget eller snelauget. Og s\u00e5 er der ogs\u00e5 de frivillige laug, som fx \u00f8llauget.<\/p>\n<p>Hen over \u00e5ret arrangerer vi forskellige fester og sammenkomster: Fastelavn, sommerfest, juletr\u00e6st\u00e6nding etc. plus forskellige arrangementer, vi lige f\u00e5r lyst til.<\/p>\n<p>Karakteristisk for Trekroner Bo er, at her er rammerne for at have et f\u00e6lles liv med f\u00e6lleshus, f\u00e6llesspisning etc. Men samtidig er husene ogs\u00e5 store nok og private nok til, at man kan v\u00e6re sig selv. Man kan deltage i dele af de f\u00e6lles aktiviteter og lade v\u00e6re at deltage i andre.<\/p>\n<p>Foreningen har en bestyrelse med generalforsamlingen som \u00f8verste besluttende organ. Vi har desuden ca. 3 \u00e5rlige f\u00e6llesm\u00f8der, hvor vi diskuterer og finder l\u00f8sninger p\u00e5 stort og sm\u00e5t.<\/p>\n<h3 class=\"printbody\">Lokalomr\u00e5det Trekroner<\/h3>\n<p><span class=\"printbody\"> Trekroner er en ny bydel i Roskilde, delt i Vest og \u00d8st. Karakteristisk for Trekroner Vest, hvor Trekroner Bo ligger, er de brede skovb\u00e6lter, m\u00e5den Nordens Parkvej slynger sig i landskabet, samt de mange bof\u00e6llesskaber. Her findes 11 f\u00e6lleshuse inden for en meget lille radius. Roskilde kommune har desuden lagt v\u00e6gt p\u00e5 at integrere kunst i den nye bydel, samt at boformerne skal variere.<\/span><\/p>\n<p>I 2007 blev antallet af husstande i Trekroner opgjort til 1.544 (if. Trekroner Avis) og siden er tallet steget, ikke mindst fordi den \u00f8stlige del af Trekroner er i v\u00e6kst. Fuldt udbygget vil Trekroner Vest rumme 3.500 husstande og Trekroner \u00d8st 1.200 husstande (if. Roskilde Museum). Her er desuden en del mindre virksomheder &#8211; blandt andre 125 mikrovirksomheder registreret &#8220;i hjemmet&#8221;. Men rigtig mange fra Trekroner arbejder i K\u00f8benhavn.<\/p>\n<p>Der er en s\u00e6rlig &#8220;nybyggerstemning&#8221; i Trekroner. Her hilser man p\u00e5 hinanden og \u00f8nsker i f\u00e6llesskab at opbygge en bydel, hvor der er liv, aktivitet og godt at v\u00e6re og ikke mindst at vokse op &#8211; for Trekroner er fuld af b\u00f8rn.<\/p>\n<p><a href=\"http:\/\/trekronerbo.dk\/wp-content\/uploads\/2017\/08\/juletrae.jpg\"><img decoding=\"async\" loading=\"lazy\" class=\"alignnone size-medium wp-image-765\" src=\"http:\/\/trekronerbo.dk\/wp-content\/uploads\/2017\/08\/juletrae-300x224.jpg\" alt=\"\" width=\"300\" height=\"224\" srcset=\"https:\/\/trekronerbo.dk\/wp-content\/uploads\/2017\/08\/juletrae-300x224.jpg 300w, https:\/\/trekronerbo.dk\/wp-content\/uploads\/2017\/08\/juletrae-768x574.jpg 768w, https:\/\/trekronerbo.dk\/wp-content\/uploads\/2017\/08\/juletrae.jpg 960w\" sizes=\"(max-width: 300px) 100vw, 300px\" \/><\/a>At beboerne i omr\u00e5det vil udvikle det i en positiv retning ses ogs\u00e5 i de mange nye lokale foreninger og initiativer. Der er bl.a. en musikforening, Trekroneravisen, <a href=\"http:\/\/www.trekronerraadet.dk\/\">Trekronerr\u00e5det<\/a>, som arrangerer forskellige sociale events, kunstprojekter, nyanlagt bmx-bane, loppemarkeder, <a href=\"https:\/\/www.facebook.com\/butikaftensol\/\">\u00f8kologisk g\u00e5rdbutik<\/a>, <a href=\"https:\/\/www.facebook.com\/groups\/trekronerlob\/\">l\u00f8beklub<\/a>, en synlig pendlerforening, sportsforeningen <a href=\"http:\/\/www.trekronerif.dk\/\">Trekroner IF<\/a> etc.<\/p>\n<p>Trekroner har efterh\u00e5nden det hele: Her er gode b\u00f8rneinstitutioner, skoler, gymnasium, universitet, ungdomsboliger, leje-, andel-, ejerboliger, indk\u00f8bsmuligheder, fris\u00f8r, pizzaria, t\u00f8jbutik, caf\u00e9, apotek, plejehjem og &#8211; i sidste ende &#8211; et hospice.<\/p>\n<p>Roskilde midtby ligger ca. 4 km fra Trekroner. Roskilde er en stor provinsby, der kan d\u00e6kke alle behov for fritidsaktiviter, sportsklubber, kulturoplevelser og handel. Roskilde er ber\u00f8mt for sine <a href=\"http:\/\/www.vikingeskibsmuseet.dk\/\">Vikingeskibe<\/a>, <a href=\"http:\/\/www.roskildedomkirke.dk\/\">Domkirken <\/a>og ikke mindst <a href=\"http:\/\/www.roskilde-festival.dk\/\">Roskilde Festival<\/a>, som hvert \u00e5r tr\u00e6kker p\u00e5 ca. 30.000 frivillige.<\/p>\n<p>Skulle man alligevel have lyst til at stikke af til K\u00f8benhavn &#8211; p\u00e5 arbejde eller til fest &#8211; s\u00e5 er der ca. fire afgange i timen til og fra Trekroner Station, og det tager kun 24 minutter at komme til K\u00f8benhavns Hovedbaneg\u00e5rd.<\/p>\n","protected":false},"excerpt":{"rendered":"<p>Foreningen Trekroner Bo blev stiftet i begyndelsen af 2000 ud fra \u00f8nsket om at byde p\u00e5 et af de store jordstykker i den dengang nye bydel, Trekroner. Vi ville skabe noget nyt, en bebyggelse hvor det sociale aspekt i n\u00e6rmilj\u00f8et blev kombineret med arkitektonisk kvalitet og med det omkringliggende omr\u00e5des natur. P\u00e5 den m\u00e5de \u00f8nskede [&hellip;]<\/p>\n","protected":false},"author":1,"featured_media":0,"parent":0,"menu_order":0,"comment_status":"open","ping_status":"open","template":"","meta":[],"_links":{"self":[{"href":"https:\/\/trekronerbo.dk\/index.php?rest_route=\/wp\/v2\/pages\/2"}],"collection":[{"href":"https:\/\/trekronerbo.dk\/index.php?rest_route=\/wp\/v2\/pages"}],"about":[{"href":"https:\/\/trekronerbo.dk\/index.php?rest_route=\/wp\/v2\/types\/page"}],"author":[{"embeddable":true,"href":"https:\/\/trekronerbo.dk\/index.php?rest_route=\/wp\/v2\/users\/1"}],"replies":[{"embeddable":true,"href":"https:\/\/trekronerbo.dk\/index.php?rest_route=%2Fwp%2Fv2%2Fcomments&post=2"}],"version-history":[{"count":17,"href":"https:\/\/trekronerbo.dk\/index.php?rest_route=\/wp\/v2\/pages\/2\/revisions"}],"predecessor-version":[{"id":1644,"href":"https:\/\/trekronerbo.dk\/index.php?rest_route=\/wp\/v2\/pages\/2\/revisions\/1644"}],"wp:attachment":[{"href":"https:\/\/trekronerbo.dk\/index.php?rest_route=%2Fwp%2Fv2%2Fmedia&parent=2"}],"curies":[{"name":"wp","href":"https:\/\/api.w.org\/{rel}","templated":true}]}}